{"id":19,"date":"2023-05-28T10:27:12","date_gmt":"2023-05-28T10:27:12","guid":{"rendered":"https:\/\/lophocnganhmay.vn\/index.php\/lp-profile\/"},"modified":"2023-06-06T10:39:42","modified_gmt":"2023-06-06T03:39:42","slug":"lp-profile","status":"publish","type":"page","link":"https:\/\/lophocnganhmay.vn\/index.php\/lp-profile\/","title":{"rendered":"Profile"},"content":{"rendered":"\t\t<div data-elementor-type=\"wp-page\" data-elementor-id=\"19\" class=\"elementor elementor-19\" data-elementor-post-type=\"page\">\n\t\t\t\t\t\t<section class=\"elementor-section elementor-top-section elementor-element elementor-element-49721bb2 elementor-section-boxed elementor-section-height-default elementor-section-height-default\" data-id=\"49721bb2\" data-element_type=\"section\" data-e-type=\"section\">\n\t\t\t\t\t\t<div class=\"elementor-container elementor-column-gap-default\">\n\t\t\t\t\t<div class=\"elementor-column elementor-col-100 elementor-top-column elementor-element elementor-element-3a1d9124\" data-id=\"3a1d9124\" data-element_type=\"column\" data-e-type=\"column\">\n\t\t\t<div class=\"elementor-widget-wrap elementor-element-populated\">\n\t\t\t\t\t\t<div class=\"elementor-element elementor-element-14eaa65d elementor-widget elementor-widget-text-editor\" data-id=\"14eaa65d\" data-element_type=\"widget\" data-e-type=\"widget\" data-widget_type=\"text-editor.default\">\n\t\t\t\t<div class=\"elementor-widget-container\">\n\t\t\t\t\t\t\t\t\t<div class=\"learnpress\">\n<div class=\"learn-press-message error\">This shortcode LP Profile only use on the page <a href=\"https:\/\/lophocnganhmay.vn\/wp-admin\/admin.php?page=learn-press-settings\"><strong>C\u00e1 nh\u00e2n<\/strong><\/a><\/div>\n<\/div>\n\t\t\t\t\t\t\t\t<\/div>\n\t\t\t\t<\/div>\n\t\t\t\t\t<\/div>\n\t\t<\/div>\n\t\t\t\t\t<\/div>\n\t\t<\/section>\n\t\t<div class=\"elementor-element elementor-element-e2ddcd3 e-flex e-con-boxed e-con e-parent\" data-id=\"e2ddcd3\" data-element_type=\"container\" data-e-type=\"container\">\n\t\t\t\t\t<div class=\"e-con-inner\">\n\t\t\t\t<div class=\"elementor-element elementor-element-99ce88c elementor-widget elementor-widget-text-editor\" data-id=\"99ce88c\" data-element_type=\"widget\" data-e-type=\"widget\" data-widget_type=\"text-editor.default\">\n\t\t\t\t<div class=\"elementor-widget-container\">\n\t\t\t\t\t\t\t\t\t<h6><strong>Ch\u00e0o m\u1eebng b\u1ea1n \u0111\u1ebfn v\u1edbi h\u1ec7 th\u1ed1ng website kh\u00f3a h\u1ecdc qua video c\u1ee7a ch\u00fang t\u00f4i. Ch\u00fac c\u00e1c b\u1ea1n m\u1ed9t ng\u00e0y t\u1ed1t l\u00e0nh v\u00e0 h\u1ecdc t\u1eadp th\u1eadt hi\u1ec7u qu\u1ea3 nh\u00e9 !<\/strong><\/h6>\n<p>Nh\u1eb1m mong mu\u1ed1n h\u1ec7 th\u1ed1ng website kh\u00f3a h\u1ecdc qua video ng\u00e0y c\u00e0ng tr\u1edf n\u00ean t\u1ed1t h\u01a1n. Ch\u00fang t\u00f4i r\u1ea5t mong nh\u1eadn \u0111\u01b0\u1ee3c s\u1ef1 \u0111\u00f3ng g\u00f3p qu\u00fd b\u00e1u c\u1ee7a c\u00e1c h\u1ecdc vi\u00ean c\u0169ng nh\u01b0 c\u00e1c gi\u00e1o vi\u00ean c\u1ed9ng s\u1ef1 g\u1eedi cho ch\u00fang t\u00f4i. N\u1ebfu b\u1ea1n c\u00f3 \u00fd ki\u1ebfn \u0111\u00f3ng g\u00f3p t\u1ed1t cho website kh\u00f3a h\u1ecdc qua video c\u1ee7a ch\u00fang t\u00f4i xin vui l\u00f2ng nh\u1eadp c\u00e1c th\u00f4ng tin v\u00e0 n\u1ed9i dung v\u00e0o bi\u1ec3u m\u1eabu b\u00ean d\u01b0\u1edbi v\u00e0 sau \u0111\u00f3 g\u1eedi cho ch\u00fang t\u00f4i nh\u00e9.<\/p>\n<p>M\u1ecdi \u0111\u00f3ng g\u00f3p c\u1ee7a b\u1ea1n s\u1ebd gi\u00fap h\u1ec7 th\u1ed1ng website kh\u00f3a h\u1ecdc c\u1ee7a ch\u00fang t\u00f4i ng\u00e0y m\u1ed9t ph\u00e1t tri\u1ec3n h\u01a1n v\u00e0 tr\u1edf n\u00ean t\u1ed1t h\u01a1n .<\/p>\n<p>B\u00f9i V\u0103n Bi\u1ec7n BQT website xin ch\u00e2n th\u00e0nh c\u1ea3m \u01a1n c\u00e1c b\u1ea1n h\u1ecdc vi\u00ean c\u0169ng nh\u01b0 c\u00e1c gi\u00e1o vi\u00ean gi\u1ea3ng d\u1ea1y \u0111\u00e3 \u0111\u00f3ng g\u00f3p cho s\u1ef1 ph\u00e1t tri\u1ec3n c\u1ee7a h\u1ec7 th\u1ed1ng website n\u00e0y<\/p>\t\t\t\t\t\t\t\t<\/div>\n\t\t\t\t<\/div>\n\t\t\t\t\t<\/div>\n\t\t\t\t<\/div>\n\t\t<div class=\"elementor-element elementor-element-37a8fa5 e-flex e-con-boxed e-con e-parent\" data-id=\"37a8fa5\" data-element_type=\"container\" data-e-type=\"container\">\n\t\t\t\t\t<div class=\"e-con-inner\">\n\t\t\t\t<div class=\"elementor-element elementor-element-eff1675 elementor-widget elementor-widget-wpforms\" data-id=\"eff1675\" data-element_type=\"widget\" data-e-type=\"widget\" data-widget_type=\"wpforms.default\">\n\t\t\t\t<div class=\"elementor-widget-container\">\n\t\t\t\t\t<div class=\"wpforms-container wpforms-container-full wpforms-render-modern\" id=\"wpforms-13812\"><form id=\"wpforms-form-13812\" class=\"wpforms-validate wpforms-form wpforms-ajax-form\" data-formid=\"13812\" method=\"post\" enctype=\"multipart\/form-data\" action=\"\/index.php\/wp-json\/wp\/v2\/pages\/19\" data-token=\"bb91abed2b41df80c234d708e507b54a\" data-token-time=\"1777513815\"><noscript class=\"wpforms-error-noscript\">Vui l\u00f2ng b\u1eadt JavaScript trong tr\u00ecnh duy\u1ec7t c\u1ee7a b\u1ea1n \u0111\u1ec3 ho\u00e0n th\u00e0nh Form n\u00e0y.<\/noscript><div id=\"wpforms-error-noscript\" style=\"display: none;\">Vui l\u00f2ng b\u1eadt JavaScript trong tr\u00ecnh duy\u1ec7t c\u1ee7a b\u1ea1n \u0111\u1ec3 ho\u00e0n th\u00e0nh Form n\u00e0y.<\/div><div class=\"wpforms-field-container\"><div id=\"wpforms-13812-field_13-container\" class=\"wpforms-field wpforms-field-text\" data-field-id=\"13\"><label class=\"wpforms-field-label\" for=\"wpforms-13812-field_13\">T\u00ean c\u1ee7a b\u1ea1n <span class=\"wpforms-required-label\" aria-hidden=\"true\">*<\/span><\/label><input type=\"text\" id=\"wpforms-13812-field_13\" class=\"wpforms-field-medium wpforms-field-required\" name=\"wpforms[fields][13]\" placeholder=\"Nh\u1eadp t\u00ean c\u1ee7a b\u1ea1n \" aria-errormessage=\"wpforms-13812-field_13-error\" required><\/div><div id=\"wpforms-13812-field_18-container\" class=\"wpforms-field wpforms-field-text\" data-field-id=\"18\"><label class=\"wpforms-field-label\" for=\"wpforms-13812-field_18\">\u0110i\u1ec7n tho\u1ea1i <span class=\"wpforms-required-label\" aria-hidden=\"true\">*<\/span><\/label><input type=\"text\" id=\"wpforms-13812-field_18\" class=\"wpforms-field-medium wpforms-field-required\" name=\"wpforms[fields][18]\" placeholder=\"Nh\u1eadp s\u1ed1 \u0111i\u1ec7n tho\u1ea1i c\u1ee7a b\u1ea1n\" aria-errormessage=\"wpforms-13812-field_18-error\" required><\/div><div id=\"wpforms-13812-field_15-container\" class=\"wpforms-field wpforms-field-email\" data-field-id=\"15\"><label class=\"wpforms-field-label\" for=\"wpforms-13812-field_15\">Email <span class=\"wpforms-required-label\" aria-hidden=\"true\">*<\/span><\/label><input type=\"email\" id=\"wpforms-13812-field_15\" class=\"wpforms-field-medium wpforms-field-required\" name=\"wpforms[fields][15]\" placeholder=\"Nh\u1eadp email c\u1ee7a b\u1ea1n\" spellcheck=\"false\" aria-errormessage=\"wpforms-13812-field_15-error\" required><\/div><div id=\"wpforms-13812-field_16-container\" class=\"wpforms-field wpforms-field-textarea\" data-field-id=\"16\"><label class=\"wpforms-field-label\" for=\"wpforms-13812-field_16\">N\u1ed9i dung g\u1eedi \u0111\u1ebfn ch\u00fang t\u00f4i <span class=\"wpforms-required-label\" aria-hidden=\"true\">*<\/span><\/label><textarea id=\"wpforms-13812-field_16\" class=\"wpforms-field-medium wpforms-field-required\" name=\"wpforms[fields][16]\" placeholder=\"B\u1ea1n nh\u1eadp n\u1ed9i dung th\u00f4ng tin mu\u1ed1n g\u1eedi cho ch\u00fang t\u00f4i v\u00e0o \u0111\u00e2y nh\u00e9\" aria-errormessage=\"wpforms-13812-field_16-error\" required><\/textarea><\/div><div id=\"wpforms-13812-field_17-container\" class=\"wpforms-field wpforms-field-checkbox wpforms-list-3-columns\" data-field-id=\"17\"><fieldset><legend class=\"wpforms-field-label\">B\u1ea1n c\u00f3 th\u1ec3 cho ch\u00fang t\u00f4i bi\u1ebft m\u1ee9c \u0111\u1ed9 h\u00e0i l\u00f2ng c\u1ee7a b\u1ea1n v\u1edbi d\u1ecbch v\u1ee5 c\u1ee7a ch\u00fang t\u00f4i nh\u01b0 th\u1ebf n\u00e0o kh\u00f4ng ?<\/legend><ul id=\"wpforms-13812-field_17\" data-choice-limit=\"1\"><li class=\"choice-1 depth-1\"><input type=\"checkbox\" id=\"wpforms-13812-field_17_1\" data-rule-check-limit=\"true\" name=\"wpforms[fields][17][]\" value=\"R\u1ea5t t\u1ed1t\" aria-errormessage=\"wpforms-13812-field_17_1-error\"  ><label class=\"wpforms-field-label-inline\" for=\"wpforms-13812-field_17_1\">R\u1ea5t t\u1ed1t<\/label><\/li><li class=\"choice-2 depth-1\"><input type=\"checkbox\" id=\"wpforms-13812-field_17_2\" data-rule-check-limit=\"true\" name=\"wpforms[fields][17][]\" value=\"Ch\u01b0a \u0111\u01b0\u1ee3c t\u1ed1t\" aria-errormessage=\"wpforms-13812-field_17_2-error\"  ><label class=\"wpforms-field-label-inline\" for=\"wpforms-13812-field_17_2\">Ch\u01b0a \u0111\u01b0\u1ee3c t\u1ed1t<\/label><\/li><li class=\"choice-3 depth-1\"><input type=\"checkbox\" id=\"wpforms-13812-field_17_3\" data-rule-check-limit=\"true\" name=\"wpforms[fields][17][]\" value=\"Ch\u01b0a t\u1ed1t v\u00e0 c\u1ea7n \u0111\u01b0\u1ee3c c\u1ea3i thi\u1ec7n\" aria-errormessage=\"wpforms-13812-field_17_3-error\"  ><label class=\"wpforms-field-label-inline\" for=\"wpforms-13812-field_17_3\">Ch\u01b0a t\u1ed1t v\u00e0 c\u1ea7n \u0111\u01b0\u1ee3c c\u1ea3i thi\u1ec7n<\/label><\/li><\/ul><\/fieldset><\/div><\/div><!-- .wpforms-field-container --><div class=\"wpforms-submit-container\" ><input type=\"hidden\" name=\"wpforms[id]\" value=\"13812\"><input type=\"hidden\" name=\"page_title\" value=\"\"><input type=\"hidden\" name=\"page_url\" value=\"https:\/\/lophocnganhmay.vn\/index.php\/wp-json\/wp\/v2\/pages\/19\"><input type=\"hidden\" name=\"url_referer\" value=\"\"><button type=\"submit\" name=\"wpforms[submit]\" id=\"wpforms-submit-13812\" class=\"wpforms-submit\" data-alt-text=\"N\u1ed9i dung \u0111ang \u0111\u01b0\u1ee3c g\u1eedi \u0111i .....\" data-submit-text=\"G\u1eedi cho ch\u00fang t\u00f4i\" aria-live=\"assertive\" value=\"wpforms-submit\">G\u1eedi cho ch\u00fang t\u00f4i<\/button><img decoding=\"async\" src=\"https:\/\/lophocnganhmay.vn\/wp-content\/plugins\/wpforms-lite\/assets\/images\/submit-spin.svg\" class=\"wpforms-submit-spinner\" style=\"display: none;\" width=\"26\" height=\"26\" alt=\"\u0110ang t\u1ea3i\"><\/div><\/form><\/div>  <!-- .wpforms-container -->\t\t\t\t<\/div>\n\t\t\t\t<\/div>\n\t\t\t\t\t<\/div>\n\t\t\t\t<\/div>\n\t\t\t\t<\/div>\n\t\t","protected":false},"excerpt":{"rendered":"<p>Ch\u00e0o m\u1eebng b\u1ea1n \u0111\u1ebfn v\u1edbi h\u1ec7 th\u1ed1ng website kh\u00f3a h\u1ecdc qua video c\u1ee7a ch\u00fang t\u00f4i. Ch\u00fac c\u00e1c b\u1ea1n m\u1ed9t ng\u00e0y t\u1ed1t l\u00e0nh v\u00e0 h\u1ecdc t\u1eadp th\u1eadt hi\u1ec7u qu\u1ea3 nh\u00e9 ! Nh\u1eb1m mong mu\u1ed1n h\u1ec7 th\u1ed1ng website kh\u00f3a h\u1ecdc qua video &hellip; <\/p>\n","protected":false},"author":1,"featured_media":0,"parent":0,"menu_order":0,"comment_status":"closed","ping_status":"closed","template":"","meta":{"pmpro_default_level":"","footnotes":""},"class_list":["post-19","page","type-page","status-publish","hentry","pmpro-has-access"],"yoast_head":"<!-- This site is optimized with the Yoast SEO Premium plugin v23.9 (Yoast SEO v27.4) - https:\/\/yoast.com\/product\/yoast-seo-premium-wordpress\/ -->\n<title>Profile - H\u1ec7 th\u1ed1ng website kh\u00f3a h\u1ecdc qua video<\/title>\n<meta name=\"robots\" content=\"index, follow, max-snippet:-1, max-image-preview:large, max-video-preview:-1\" \/>\n<link rel=\"canonical\" href=\"https:\/\/lophocnganhmay.vn\/index.php\/lp-profile\/\" \/>\n<meta property=\"og:locale\" content=\"vi_VN\" \/>\n<meta property=\"og:type\" content=\"article\" \/>\n<meta property=\"og:title\" content=\"Profile\" \/>\n<meta property=\"og:description\" content=\"Ch\u00e0o m\u1eebng b\u1ea1n \u0111\u1ebfn v\u1edbi h\u1ec7 th\u1ed1ng website kh\u00f3a h\u1ecdc qua video c\u1ee7a ch\u00fang t\u00f4i. Ch\u00fac c\u00e1c b\u1ea1n m\u1ed9t ng\u00e0y t\u1ed1t l\u00e0nh v\u00e0 h\u1ecdc t\u1eadp th\u1eadt hi\u1ec7u qu\u1ea3 nh\u00e9 ! Nh\u1eb1m mong mu\u1ed1n h\u1ec7 th\u1ed1ng website kh\u00f3a h\u1ecdc qua video &hellip;\" \/>\n<meta property=\"og:url\" content=\"https:\/\/lophocnganhmay.vn\/index.php\/lp-profile\/\" \/>\n<meta property=\"og:site_name\" content=\"H\u1ec7 th\u1ed1ng website kh\u00f3a h\u1ecdc qua video\" \/>\n<meta property=\"article:publisher\" content=\"https:\/\/www.facebook.com\/profile.php?id=61569519135021\" \/>\n<meta property=\"article:modified_time\" content=\"2023-06-06T03:39:42+00:00\" \/>\n<meta name=\"twitter:card\" content=\"summary_large_image\" \/>\n<meta name=\"twitter:label1\" content=\"\u01af\u1edbc t\u00ednh th\u1eddi gian \u0111\u1ecdc\" \/>\n\t<meta name=\"twitter:data1\" content=\"1 ph\u00fat\" \/>\n<script type=\"application\/ld+json\" class=\"yoast-schema-graph\">{\"@context\":\"https:\\\/\\\/schema.org\",\"@graph\":[{\"@type\":\"WebPage\",\"@id\":\"https:\\\/\\\/lophocnganhmay.vn\\\/index.php\\\/lp-profile\\\/\",\"url\":\"https:\\\/\\\/lophocnganhmay.vn\\\/index.php\\\/lp-profile\\\/\",\"name\":\"Profile - H\u1ec7 th\u1ed1ng website kh\u00f3a h\u1ecdc qua video\",\"isPartOf\":{\"@id\":\"https:\\\/\\\/lophocnganhmay.vn\\\/#website\"},\"datePublished\":\"2023-05-28T10:27:12+00:00\",\"dateModified\":\"2023-06-06T03:39:42+00:00\",\"breadcrumb\":{\"@id\":\"https:\\\/\\\/lophocnganhmay.vn\\\/index.php\\\/lp-profile\\\/#breadcrumb\"},\"inLanguage\":\"vi\",\"potentialAction\":[{\"@type\":\"ReadAction\",\"target\":[\"https:\\\/\\\/lophocnganhmay.vn\\\/index.php\\\/lp-profile\\\/\"]}]},{\"@type\":\"BreadcrumbList\",\"@id\":\"https:\\\/\\\/lophocnganhmay.vn\\\/index.php\\\/lp-profile\\\/#breadcrumb\",\"itemListElement\":[{\"@type\":\"ListItem\",\"position\":1,\"name\":\"Trang ch\u1ee7\",\"item\":\"https:\\\/\\\/lophocnganhmay.vn\\\/\"},{\"@type\":\"ListItem\",\"position\":2,\"name\":\"Profile\"}]},{\"@type\":\"WebSite\",\"@id\":\"https:\\\/\\\/lophocnganhmay.vn\\\/#website\",\"url\":\"https:\\\/\\\/lophocnganhmay.vn\\\/\",\"name\":\"H\u1ec7 th\u1ed1ng website kh\u00f3a h\u1ecdc qua video b\u00e0i gi\u1ea3ng\",\"description\":\"H\u1ec7 th\u1ed1ng kh\u00f3a h\u1ecdc online\",\"publisher\":{\"@id\":\"https:\\\/\\\/lophocnganhmay.vn\\\/#organization\"},\"potentialAction\":[{\"@type\":\"SearchAction\",\"target\":{\"@type\":\"EntryPoint\",\"urlTemplate\":\"https:\\\/\\\/lophocnganhmay.vn\\\/?s={search_term_string}\"},\"query-input\":{\"@type\":\"PropertyValueSpecification\",\"valueRequired\":true,\"valueName\":\"search_term_string\"}}],\"inLanguage\":\"vi\"},{\"@type\":[\"Organization\",\"Place\"],\"@id\":\"https:\\\/\\\/lophocnganhmay.vn\\\/#organization\",\"name\":\"H\u1ec7 th\u1ed1ng website kh\u00f3a h\u1ecdc qua video\",\"url\":\"https:\\\/\\\/lophocnganhmay.vn\\\/\",\"logo\":{\"@id\":\"https:\\\/\\\/lophocnganhmay.vn\\\/index.php\\\/lp-profile\\\/#local-main-organization-logo\"},\"image\":{\"@id\":\"https:\\\/\\\/lophocnganhmay.vn\\\/index.php\\\/lp-profile\\\/#local-main-organization-logo\"},\"sameAs\":[\"https:\\\/\\\/www.facebook.com\\\/profile.php?id=61569519135021\",\"https:\\\/\\\/www.facebook.com\\\/phanmempro.vn\"],\"telephone\":[],\"openingHoursSpecification\":[{\"@type\":\"OpeningHoursSpecification\",\"dayOfWeek\":[\"Monday\",\"Tuesday\",\"Wednesday\",\"Thursday\",\"Friday\",\"Saturday\",\"Sunday\"],\"opens\":\"09:00\",\"closes\":\"17:00\"}]},{\"@type\":\"ImageObject\",\"inLanguage\":\"vi\",\"@id\":\"https:\\\/\\\/lophocnganhmay.vn\\\/index.php\\\/lp-profile\\\/#local-main-organization-logo\",\"url\":\"https:\\\/\\\/lophocnganhmay.vn\\\/wp-content\\\/uploads\\\/2023\\\/05\\\/bien-edu.png\",\"contentUrl\":\"https:\\\/\\\/lophocnganhmay.vn\\\/wp-content\\\/uploads\\\/2023\\\/05\\\/bien-edu.png\",\"width\":657,\"height\":190,\"caption\":\"H\u1ec7 th\u1ed1ng website kh\u00f3a h\u1ecdc qua video\"}]}<\/script>\n<!-- \/ Yoast SEO Premium plugin. -->","yoast_head_json":{"title":"Profile - H\u1ec7 th\u1ed1ng website kh\u00f3a h\u1ecdc qua video","robots":{"index":"index","follow":"follow","max-snippet":"max-snippet:-1","max-image-preview":"max-image-preview:large","max-video-preview":"max-video-preview:-1"},"canonical":"https:\/\/lophocnganhmay.vn\/index.php\/lp-profile\/","og_locale":"vi_VN","og_type":"article","og_title":"Profile","og_description":"Ch\u00e0o m\u1eebng b\u1ea1n \u0111\u1ebfn v\u1edbi h\u1ec7 th\u1ed1ng website kh\u00f3a h\u1ecdc qua video c\u1ee7a ch\u00fang t\u00f4i. Ch\u00fac c\u00e1c b\u1ea1n m\u1ed9t ng\u00e0y t\u1ed1t l\u00e0nh v\u00e0 h\u1ecdc t\u1eadp th\u1eadt hi\u1ec7u qu\u1ea3 nh\u00e9 ! Nh\u1eb1m mong mu\u1ed1n h\u1ec7 th\u1ed1ng website kh\u00f3a h\u1ecdc qua video &hellip;","og_url":"https:\/\/lophocnganhmay.vn\/index.php\/lp-profile\/","og_site_name":"H\u1ec7 th\u1ed1ng website kh\u00f3a h\u1ecdc qua video","article_publisher":"https:\/\/www.facebook.com\/profile.php?id=61569519135021","article_modified_time":"2023-06-06T03:39:42+00:00","twitter_card":"summary_large_image","twitter_misc":{"\u01af\u1edbc t\u00ednh th\u1eddi gian \u0111\u1ecdc":"1 ph\u00fat"},"schema":{"@context":"https:\/\/schema.org","@graph":[{"@type":"WebPage","@id":"https:\/\/lophocnganhmay.vn\/index.php\/lp-profile\/","url":"https:\/\/lophocnganhmay.vn\/index.php\/lp-profile\/","name":"Profile - H\u1ec7 th\u1ed1ng website kh\u00f3a h\u1ecdc qua video","isPartOf":{"@id":"https:\/\/lophocnganhmay.vn\/#website"},"datePublished":"2023-05-28T10:27:12+00:00","dateModified":"2023-06-06T03:39:42+00:00","breadcrumb":{"@id":"https:\/\/lophocnganhmay.vn\/index.php\/lp-profile\/#breadcrumb"},"inLanguage":"vi","potentialAction":[{"@type":"ReadAction","target":["https:\/\/lophocnganhmay.vn\/index.php\/lp-profile\/"]}]},{"@type":"BreadcrumbList","@id":"https:\/\/lophocnganhmay.vn\/index.php\/lp-profile\/#breadcrumb","itemListElement":[{"@type":"ListItem","position":1,"name":"Trang ch\u1ee7","item":"https:\/\/lophocnganhmay.vn\/"},{"@type":"ListItem","position":2,"name":"Profile"}]},{"@type":"WebSite","@id":"https:\/\/lophocnganhmay.vn\/#website","url":"https:\/\/lophocnganhmay.vn\/","name":"H\u1ec7 th\u1ed1ng website kh\u00f3a h\u1ecdc qua video b\u00e0i gi\u1ea3ng","description":"H\u1ec7 th\u1ed1ng kh\u00f3a h\u1ecdc online","publisher":{"@id":"https:\/\/lophocnganhmay.vn\/#organization"},"potentialAction":[{"@type":"SearchAction","target":{"@type":"EntryPoint","urlTemplate":"https:\/\/lophocnganhmay.vn\/?s={search_term_string}"},"query-input":{"@type":"PropertyValueSpecification","valueRequired":true,"valueName":"search_term_string"}}],"inLanguage":"vi"},{"@type":["Organization","Place"],"@id":"https:\/\/lophocnganhmay.vn\/#organization","name":"H\u1ec7 th\u1ed1ng website kh\u00f3a h\u1ecdc qua video","url":"https:\/\/lophocnganhmay.vn\/","logo":{"@id":"https:\/\/lophocnganhmay.vn\/index.php\/lp-profile\/#local-main-organization-logo"},"image":{"@id":"https:\/\/lophocnganhmay.vn\/index.php\/lp-profile\/#local-main-organization-logo"},"sameAs":["https:\/\/www.facebook.com\/profile.php?id=61569519135021","https:\/\/www.facebook.com\/phanmempro.vn"],"telephone":[],"openingHoursSpecification":[{"@type":"OpeningHoursSpecification","dayOfWeek":["Monday","Tuesday","Wednesday","Thursday","Friday","Saturday","Sunday"],"opens":"09:00","closes":"17:00"}]},{"@type":"ImageObject","inLanguage":"vi","@id":"https:\/\/lophocnganhmay.vn\/index.php\/lp-profile\/#local-main-organization-logo","url":"https:\/\/lophocnganhmay.vn\/wp-content\/uploads\/2023\/05\/bien-edu.png","contentUrl":"https:\/\/lophocnganhmay.vn\/wp-content\/uploads\/2023\/05\/bien-edu.png","width":657,"height":190,"caption":"H\u1ec7 th\u1ed1ng website kh\u00f3a h\u1ecdc qua video"}]}},"_links":{"self":[{"href":"https:\/\/lophocnganhmay.vn\/index.php\/wp-json\/wp\/v2\/pages\/19","targetHints":{"allow":["GET"]}}],"collection":[{"href":"https:\/\/lophocnganhmay.vn\/index.php\/wp-json\/wp\/v2\/pages"}],"about":[{"href":"https:\/\/lophocnganhmay.vn\/index.php\/wp-json\/wp\/v2\/types\/page"}],"author":[{"embeddable":true,"href":"https:\/\/lophocnganhmay.vn\/index.php\/wp-json\/wp\/v2\/users\/1"}],"replies":[{"embeddable":true,"href":"https:\/\/lophocnganhmay.vn\/index.php\/wp-json\/wp\/v2\/comments?post=19"}],"version-history":[{"count":6,"href":"https:\/\/lophocnganhmay.vn\/index.php\/wp-json\/wp\/v2\/pages\/19\/revisions"}],"predecessor-version":[{"id":13824,"href":"https:\/\/lophocnganhmay.vn\/index.php\/wp-json\/wp\/v2\/pages\/19\/revisions\/13824"}],"wp:attachment":[{"href":"https:\/\/lophocnganhmay.vn\/index.php\/wp-json\/wp\/v2\/media?parent=19"}],"curies":[{"name":"wp","href":"https:\/\/api.w.org\/{rel}","templated":true}]}}